{"id":20,"date":"2015-12-28T13:01:00","date_gmt":"2015-12-28T12:01:00","guid":{"rendered":"http:\/\/backes.nu\/?page_id=20"},"modified":"2016-06-14T13:24:42","modified_gmt":"2016-06-14T11:24:42","slug":"about-backe","status":"publish","type":"page","link":"https:\/\/backes.nu\/index.php\/about-backe\/","title":{"rendered":"About B\u00e4cke"},"content":{"rendered":"<p><strong>This was embarrassing. More to come. Stay tuned!<\/strong><\/p>\n<p><strong>These B\u00e4cke is not the B\u00e4cke you are looking for\u00a0(we only share the unique name B\u00e4cke):<\/strong><\/p>\n<ul>\n<li><del><a href=\"https:\/\/sv-se.facebook.com\/pages\/B%C3%A4cke-Kn%C3%A4cke\/180486708673536\" target=\"_blank\">B\u00e4cke Kn\u00e4cke<\/a><\/del><\/li>\n<li><del><a href=\"http:\/\/www.allabolag.se\/5562011048\/Backe_Emballage_AB\" target=\"_blank\">B\u00e4cke Emballage<\/a><\/del><\/li>\n<li><del><a title=\"B\u00e4cke distrikt\" href=\"https:\/\/sv.wikipedia.org\/wiki\/B%C3%A4cke_distrikt\" target=\"_blank\" data-serp-pos=\"1\"><span class=\"searchmatch\">B\u00e4cke<\/span> distrikt<\/a><\/del><\/li>\n<li><del><a title=\"B\u00e4cke-\u00d6dsk\u00f6lts f\u00f6rsamling\" href=\"https:\/\/sv.wikipedia.org\/wiki\/B%C3%A4cke-%C3%96dsk%C3%B6lts_f%C3%B6rsamling\" target=\"_blank\" data-serp-pos=\"2\"><span class=\"searchmatch\">B\u00e4cke<\/span>-\u00d6dsk\u00f6lts f\u00f6rsamling<\/a><\/del><\/li>\n<li><del><a title=\"B\u00e4cke socken\" href=\"https:\/\/sv.wikipedia.org\/wiki\/B%C3%A4cke_socken\" target=\"_blank\" data-serp-pos=\"3\"><span class=\"searchmatch\">B\u00e4cke<\/span> socken<\/a><\/del><\/li>\n<li><del><a title=\"B\u00e4cke kyrka\" href=\"https:\/\/sv.wikipedia.org\/wiki\/B%C3%A4cke_kyrka\" target=\"_blank\" data-serp-pos=\"4\"><span class=\"searchmatch\">B\u00e4cke<\/span> kyrka<\/a><\/del><\/li>\n<li><del><a title=\"B\u00e4cke f\u00f6rsamling\" href=\"https:\/\/sv.wikipedia.org\/wiki\/B%C3%A4cke_f%C3%B6rsamling\" target=\"_blank\" data-serp-pos=\"6\"><span class=\"searchmatch\">B\u00e4cke<\/span> f\u00f6rsamling<\/a><\/del><\/li>\n<\/ul>\n<p>\/\/M B\u00e4cke<\/p>\n<p><img data-recalc-dims=\"1\" loading=\"lazy\" decoding=\"async\" data-attachment-id=\"27\" data-permalink=\"https:\/\/backes.nu\/index.php\/about-backe\/magnus\/\" data-orig-file=\"https:\/\/i0.wp.com\/backes.nu\/wp-content\/uploads\/2015\/12\/magnus.jpg?fit=752%2C755&amp;ssl=1\" data-orig-size=\"752,755\" data-comments-opened=\"1\" data-image-meta=\"{&quot;aperture&quot;:&quot;0&quot;,&quot;credit&quot;:&quot;&quot;,&quot;camera&quot;:&quot;&quot;,&quot;caption&quot;:&quot;&quot;,&quot;created_timestamp&quot;:&quot;0&quot;,&quot;copyright&quot;:&quot;&quot;,&quot;focal_length&quot;:&quot;0&quot;,&quot;iso&quot;:&quot;0&quot;,&quot;shutter_speed&quot;:&quot;0&quot;,&quot;title&quot;:&quot;&quot;,&quot;orientation&quot;:&quot;0&quot;}\" data-image-title=\"magnus\" data-image-description=\"\" data-image-caption=\"\" data-large-file=\"https:\/\/i0.wp.com\/backes.nu\/wp-content\/uploads\/2015\/12\/magnus.jpg?fit=752%2C755&amp;ssl=1\" class=\"alignnone size-thumbnail wp-image-27\" src=\"https:\/\/i0.wp.com\/backes.nu\/wp-content\/uploads\/2015\/12\/magnus.jpg?resize=150%2C150&#038;ssl=1\" alt=\"magnus\" width=\"150\" height=\"150\" srcset=\"https:\/\/i0.wp.com\/backes.nu\/wp-content\/uploads\/2015\/12\/magnus.jpg?resize=150%2C150&amp;ssl=1 150w, https:\/\/i0.wp.com\/backes.nu\/wp-content\/uploads\/2015\/12\/magnus.jpg?resize=300%2C300&amp;ssl=1 300w, https:\/\/i0.wp.com\/backes.nu\/wp-content\/uploads\/2015\/12\/magnus.jpg?w=752&amp;ssl=1 752w\" sizes=\"auto, (max-width: 150px) 100vw, 150px\" \/><\/p>\n","protected":false},"excerpt":{"rendered":"<p>This was embarrassing. More to come. Stay tuned! These B\u00e4cke is not the B\u00e4cke you are looking for\u00a0(we only share the unique name B\u00e4cke): B\u00e4cke Kn\u00e4cke B\u00e4cke Emballage B\u00e4cke distrikt B\u00e4cke-\u00d6dsk\u00f6lts f\u00f6rsamling B\u00e4cke socken B\u00e4cke kyrka B\u00e4cke f\u00f6rsamling \/\/M B\u00e4cke<\/p>\n","protected":false},"author":1,"featured_media":27,"parent":0,"menu_order":0,"comment_status":"closed","ping_status":"closed","template":"","meta":{"advanced_seo_description":"","jetpack_seo_html_title":"","jetpack_seo_noindex":false,"footnotes":""},"class_list":["post-20","page","type-page","status-publish","has-post-thumbnail","hentry"],"jetpack-related-posts":[],"jetpack_likes_enabled":true,"jetpack_sharing_enabled":false,"jetpack_shortlink":"https:\/\/wp.me\/P5Cu3K-k","_links":{"self":[{"href":"https:\/\/backes.nu\/index.php\/wp-json\/wp\/v2\/pages\/20","targetHints":{"allow":["GET"]}}],"collection":[{"href":"https:\/\/backes.nu\/index.php\/wp-json\/wp\/v2\/pages"}],"about":[{"href":"https:\/\/backes.nu\/index.php\/wp-json\/wp\/v2\/types\/page"}],"author":[{"embeddable":true,"href":"https:\/\/backes.nu\/index.php\/wp-json\/wp\/v2\/users\/1"}],"replies":[{"embeddable":true,"href":"https:\/\/backes.nu\/index.php\/wp-json\/wp\/v2\/comments?post=20"}],"version-history":[{"count":9,"href":"https:\/\/backes.nu\/index.php\/wp-json\/wp\/v2\/pages\/20\/revisions"}],"predecessor-version":[{"id":117,"href":"https:\/\/backes.nu\/index.php\/wp-json\/wp\/v2\/pages\/20\/revisions\/117"}],"wp:featuredmedia":[{"embeddable":true,"href":"https:\/\/backes.nu\/index.php\/wp-json\/wp\/v2\/media\/27"}],"wp:attachment":[{"href":"https:\/\/backes.nu\/index.php\/wp-json\/wp\/v2\/media?parent=20"}],"curies":[{"name":"wp","href":"https:\/\/api.w.org\/{rel}","templated":true}]}}